hat is the value of (46 - 43) + 1 + -8 + -1?
-5
What is the value of 9 - (-2 - (-6 - (2 - 3)))?
6
What is the value of (-1 - (3 - 5)) + -2?
-1
Calculate -1 - 6 - (-3 + 0).
-4
What is the value of (-1 - -1 - (-15 + 7)) + -7?
1
What is the value of -4 + -5 + (16 - (-4 - -4))?
7
Evaluate -9 - (-8 + 4) - -4 - -5.
4
0 + 3 + (0 - -5 - 4)
4
Evaluate (0 - -1) + 9 + -14.
-4
What is -1 - ((3 - 0) + -1 - 0)?
-3
Evaluate 5 + (-2 - ((0 - 3) + 1)).
5
What is 13 + -5 + (-8 - -8)?
8
What is -100 - -96 - (-12 + 2)?
6
Evaluate (12 - (-3 - -11)) + (-1 - 3).
0
What is -1 + -5 + (14 - 5)?
3
What is the value of 0 - ((6 - 0) + (0 - 4))?
-2
Evaluate (0 - (2 - 1)) + 4 - -1.
4
What is the value of -31 + 23 + 1 + 5 + -4?
-6
Calculate 10 + 17 - 13 - 5.
9
What is the value of (3 - -2) + -3 - 3?
-1
What is -4 - (-2 - 0) - (2 + -3)?
-1
What is (-8 - -4) + 1 - -5?
2
What is -6 - (-5 + 3) - -1?
-3
What is the value of (-48 - -40) + (6 - 2)?
-4
Evaluate -4 - -3 - -5 - 3.
1
What is the value of -3 + -2 + -2 + 6?
-1
-1 + (-5 - -2) + 8
4
What is 1 + -6 + -22 + 23?
-4
-4 + 11 - (-9 + 11)
5
-5 + -8 + 11 - (0 + -2)
0
What is 0 + -8 - (-6 + 0)?
-2
Calculate -2 + 0 + 8 + -3.
3
Evaluate (-5 - -1) + 1 - -7.
4
Calculate (-7 - (-6 + -5)) + 5.
9
Calculate (-6 - (-3 - 0)) + 1 + 1.
-1
Evaluate 2 + (-9 + 6 - -3).
2
What is the value of -2 - (3 - 12) - 2?
5
(-1 - (-3 + (-1 - -1))) + 0
2
(3 - 0) + -10 - -12
5
-1 + 1 + 2 + 2
4
What is 10 + -7 + -2 - 9?
-8
9 - 9 - -1 - (0 - 0)
1
Evaluate 3 + (1 - (2 - 7)) + -7.
2
What is the value of -3 + 3 - 10 - -14?
4
What is (1 + 9 - 26) + 10?
-6
Calculate (2 - (1 - -2)) + 4 + 0.
3
Calculate -10 - (-1 + -4) - (-3 - -7).
-9
Calculate -10 + 3 + 9 + -6 - 5.
-9
What is the value of 3 - (0 - (0 + -1 + -3))?
-1
Evaluate 3 + (5 - 5) + -3.
0
-2 - (-1 - (3 + -1))
1
Calculate 3 + -1 + -1 + (-12 - -10).
-1
What is the value of -41 - -37 - (1 + -2 - -3)?
-6
Calculate -6 + (2 - 0) - -7.
3
What is -2 - (14 + -19 + -7)?
10
What is the value of -4 + 5 + -4 - (2 - 10)?
5
What is the value of (-6 - (3 + -12)) + -10 + -1?
-8
What is the value of (2 - -2) + -2 + 3?
5
Calculate -4 + -5 + (3 - 1) - -4.
-3
1 + -4 + 1 + 2 + -4
-4
What is the value of (1 - 0) + -15 + 11?
-3
What is (-79 - -67) + (1 - -9)?
-2
Evaluate -4 + (-1 - (-14 - -10)).
-1
24 + -24 - (2 + -7)
5
Evaluate -4 - (-4 + (6 - 2) + 1).
-5
Calculate -18 - -3 - -6 - -9.
0
What is -8 - (3 + -7 + 1)?
-5
(6 + 0 - (3 + 2)) + 7
8
What is -2 + 0 - (12 - (16 + -10))?
-8
Evaluate (-1 - (1 - (0 - 0))) + 2.
0
What is the value of -7 + -6 + 7 + 1 + -1?
-6
Evaluate 1 + 3 + 4 + -4.
4
Evaluate 5 + -13 - (-10 + 6).
-4
What is -4 - (2 + (3 - 8 - 0))?
-1
Evaluate 0 + -10 + (14 - (2 + 7)).
-5
Evaluate (0 + 4 + 0 - -3) + -3.
4
Evaluate (0 - -7 - 2) + -3.
2
What is 3 + (-2 - -1) - 0?
2
Calculate -5 + 4 + -4 + 10 - 0.
5
What is 8 + 7 - 8 - -2?
9
Calculate 0 + -4 - 2 - (-2 - 11).
7
-6 + (-5 - -10) - -3
2
What is the value of -3 + (4 - -10) + -7?
4
Calculate -5 - (1 + -3) - (-8 + 1).
4
Evaluate -5 + 5 - 0 - 1.
-1
13 + -8 + -6 + -12 - -6
-7
3 + -2 + 3 - 2
2
Evaluate -6 - (-1 - (7 - 0)).
2
What is 1 + 1 + (-45 - -38)?
-5
Calculate 2 - 16 - (-5 + -5).
-4
-5 - -2 - (-1 + 3)
-5
(-11 - 1) + (3 - -2) - -4
-3
What is the value of (-10 - -12) + -4 - (1 - -1)?
-4
Evaluate 2 + (0 - 4) + -1 + 1.
-2
Evaluate (-3 - (0 + 2)) + 0.
-5
Calculate 10 - (3 - (2 + -3)).
6
Evaluate -62 + 71 - (9 + -3 + 1).
2
What is the value of (5 - 11) + -4 - -2?
-8
(-1 - -3) + 73 + -76
-1
What is (0 - (3 - 0)) + 48 + -45?
0
What is the value of (1 - -3) + (4 - 7)?
1
1 + -1 + (-2 + 3 - 4)
-3
Calculate (-5 - (3 + -5 + 9)) + 3.
-9
Calculate -7 + (4 + 2 - -4).
3
What is (1 + -5 - -3) + (0 - 1)?
-2
What is 1 + 2 - (8 + (-12 - -6))?
1
4 + (4 - (-2 - -6) - 0)
4
Calculate -9 + (0 - -4) - -3.
-2
What is the value of 5 - ((-10 - -9) + 1 + 4)?
1
Evaluate -3 + -2 + -6 - -6.
-5
Calculate 4 + (-11 - -5) + -2 + 2.
-2
Evaluate -1 + (-2 - 4) + 1.
-6
What is 2 + (1 - -2) - 9?
-4
What is the value of (0 - 0) + -2 + (-35 - -41)?
4
What is the value of -8 - (-2 + 2 + -4)?
-4
What is the value of -9 + (-1 - (-7 + 2))?
-5
What is the value of (0 + 0 - (-15 - -10)) + -3?
2
What is the value of -14 - -13 - (1 + 5)?
-7
(1 - -4) + -5 + 5
5
What is 3 + (-3 + -1 - -1) - -3?
3
Evaluate 12 - (16 - 7) - 0.
3
Evaluate 3 + 0 + -9 - (-3 - 0).
-3
Evaluate 5 - (16 + (14 - 23)).
-2
(2 - (2 + (6 - 3))) + -2
-5
Calculate (5 + -2 - 3) + -3.
-3
Calculate -10 + 22 + (0 - (5 + 0)).
7
What is 1 + -3 + (0 - -9) + -2?
5
1 + -5 + -2 + 3
-3
(-2 - 4) + 1 + 3
-2
What is the value of (-4 - 0 - -5) + 4?
5
What is 25 + (-1 - 21) - (2 - 0)?
1
Calculate -7 - -3 - (-4 - 4).
4
Calculate -14 + 13 + (-1 - 1).
-3
Calculate -10 + (4 - 8) + 9.
-5
(4 - (-4 + 8)) + -5 + 1
-4
-1 - 5 - (-19 + 25) - -4
-8
6 + (-1 - 0) + -12 + 3
-4
(5 - 5) + (-6 - 0)
-6
What is (10 - 1) + (3 - 1 - 3)?
8
What is the value of -10 - (5 - (10 - (2 - -1)))?
-8
Calculate (-11 - -1) + (-3 - (-3 + 0)).
-10
Evaluate (6 + -10 - -1) + 5.
2
Evaluate (-12 - -10) + -4 + 2.
-4
What is 0 + (0 - (-1 - -2)) - -3?
2
-2 - -1 - (-2 - -3 - -2)
-4
Calculate 2 + (1 + 0 - (-8 - -9)).
2
What is the value of (8 - 1) + -23 + 21?
5
Calculate -1 - 0 - (-4 - -3) - 0.
0
What is the value of 0 - 2 - (0 - 3 - 0)?
1
What is 56 - 66 - (-11 + 1)?
0
Evaluate 8 + -8 + 0 - -5.
5
What is (3 - 15) + 0 - -11?
-1
What is the value of -4 - (-6 - -5 - 4)?
1
What is the value of 1 - (-3 - 1 - -6)?
-1
9 + -10 - (-5 + 8)
-4
Evaluate (1 - 3 - 0) + (5 - -2).
5
What is the value of -5 - (-13 - (4 + 2 - 10))?
4
What is -3 + (1 + -5 - -6)?
-1
(4 - (4 - 2)) + (-10 - -8)
0
What is 3 - 0 - (4 - (2 + 0))?
1
Calculate (5 - (-7 + 15)) + -1.
-4
Evaluate -15 + (-2 - (-6 + -1) - -4).
-6
What is the value of (2 - 2) + (-3 - (-3 + 4))?
-4
Calculate (-9 - 1) + 5 + -3 + 4.
-4
(-2 - 4) + 4 - -4
2
What is -3 + 0 - -6 - 2?
1
What is 13 + -3 - 3 - 4?
3
What is the value of 7 + -4 + 1 + 4 + -5?
3
What is the value of (1 - -20 - (-1 - -8)) + -7?
7
What is 10 - (3 + 10) - -10?
7
3 + 5 + -5 - (1 - 0)
2
What is the value of (1 - (5 + -3)) + (1 - -4)?
4
1 + -3 + -9 + 14 + 0
3
What is 11 + -3 + -7 + (-1 - -8)?
8
Calculate -4 + 2 + (-8 - (-7 - 6)).
3
-1 + 0 + -4 + 4
-1
Calculate -1 - 2 - (4 + (3 - 5)).
-5
What is -5 + (-1 - (0 + -3)) + -1?
-4
Evaluate -1 + (6 + -6 - -7) + -8.
-2
(8 - 6) + -2 + 1 + 4
5
Calculate (4 - 4) + -2 + 8 + -2.
4
2 + (4 - (-5 + 6))
5
22 + -32 + 7 - (-1 + -2)
0
5 + -2 - (14 + -15)
4
Evaluate 9 - 0 - (-1 + 7) - -2.
5
Calculate 16 + (1 - (20 - 11)).
8
What is 5 + (-10 - -6) - -2?
3
What is -7 + (-2 - -4) + (3 - 1)?
-3
3 - (0 - 7 - -19)
-9
Evaluate -2 - (1 + -11 + 5).
3
What is the value of -141 + 135 + 1 + 1?
-4
Calculate -10 + (0 - -6) + 3.
-1
Evaluate 2 - (3 - ((1 - 0) + -6)).
-6
What is the value of 0 + 5 + -9 - 2?
-6
What is the value of 8 - (1 + -1 - -4)?
4
Evaluate 0 - 6 - (68 - 77).
3
-1 + (-9 - (-21 - -8))
3
What is 8 + (-8 - -10) - 10?
0
What is the value of -12 + -3 + (26 - 3)?
8
(-5 - (-3 - 6)) + (1 - 4)
1
-5 + (5 - 7) + 0 + 2
-5
7 - (-8 - -4) - 12
-1
What is 8 + 5 + -13 + 6?
6
What is the value of (0 + -2 - -3) + 1 - -1?
3
What is the value of -2 + -2 - (-32 - -33)?
-5
-6 + 1 - (3 - (13 + 3))
8
What is (-3 - (-5 - -1) - 0) + -4?
-3
-1 + 3 + (-8 - -10)
4
Evaluate -3 + 1 + 3 + (-1 - -2).
2
-1 + (-15 - -9) + 8
1
What is (7 + 1 - 7) + (-2 - -1)?
0
(-5 - -3) + (4 - (6 + -11))
7
What is -3 - -2 - (-11 - -12)?
-2
What is the value of 4 + -6 + -5 + 0 + 4?
-3
Evaluate (0 - 1) + (2 - 8) - -6.
-1
Evaluate 3 + -1 - (-28 + 35).
-5
(-19 - -28) + (0 - 8)
1
What is the value of -3 + -4 + 27 + -21?
-1
What is the value of -5 + (-1 - -3) + (-4 - -6)?
-1
Calculate 11 + (-9 - (-7 - -10)).
-1
What is the value of 5 - ((4 - 2) + -13 + 14)?
2
Evaluate 1 + (-7 - -7) - 10.
-9
Calculate 1 + -1 + 0 + -3 + 7.
4
Calculate 7 + (3 - (7 - 1)).
4
What is -3 + 15 + (2 - 5) + -5?
4
Calculate 2 - (-4 + 9 + 0).
-3
-1 + -1 - (-1 - 3)
2
Evaluate (-10 - -5) + 0 - (-1 + 0).
-4
-5 + (-1 - (4 - 6))
-4
Calculate -3 + 7 + 2 + -12.
-6
4 - (-2 + -2 + 3)
5
Calculate 1 + -1 + 11 + -11 - 2.
-2
What is 2 + -3 - ((9 - 4) + -5)?
-1
Evaluate (-3 - (3 - 5)) + 0 + 3.
2
What is 2 + (-3 + -1 - (5 + -5))?
-2
What is the value of 1 + (6 - 6) + -2?
-1
-20 + 12 - (3 + 1 - 4)
-8
(38 - 15 - 22) + (1 - 1)
1
Evaluate (2 - (7 - (-1 - -4))) + 0.
-2
What is (5 - (-1 + 2)) 